u?
1
Let q(o) = -7*o**3 - 10*o**2 - 6*o - 2. Let w be q(-4). Suppose w = x + 25. Suppose i - 114 = -i - h, -5*i + x = -3*h. What is the tens digit of i?
5
Let j(u) = -4*u + 13. Let w be j(4). What is the hundreds digit of ((-2734)/w)/(33/((-495)/(-10)))?
3
What is the units digit of 564/2538*155997/2?
3
Let a(n) = -9*n + 57. Let p be a(9). Let t be (-2)/(-4*(-4)/p) - -740. Suppose -5*z + 5*b = -1285, -3*z + 6*z = -4*b + t. What is the hundreds digit of z?
2
Let s(o) = -8*o + 466. Let t be s(58). Let y(j) = 7*j**2 + 10*j - 7. Let q(g) = 6*g**2 + 9*g - 7. Let f(m) = 4*q(m) - 3*y(m). What is the tens digit of f(t)?
1
What is the thousands digit of (-4077)/((7/(-2))/7)?
8
Suppose 3*x + 2*o = -2*o + 4511, -5*o + 2998 = 2*x. What is the tens digit of x?
0
Let z = 113 - 110. Suppose -z*j = -8*j + 2130. What is the tens digit of j?
2
Suppose 136*i = 127*i + 365076. What is the tens digit of i?
6
Let p(s) = 735*s**3 - 11*s**2 + 12*s + 20. What is the tens digit of p(2)?
8
Let g = 577 - -194. Let c = g - 446. What is the units digit of c?
5
Suppose 86*p - 27*p - 1022067 = 44712. What is the tens digit of p?
8
Let n(w) = w**2 - 30*w + 10. Let f be n(8). Let x = 178 - f. What is the hundreds digit of x?
3
Let j(z) = 4*z - 8. Let v be j(3). Suppose -r - a + 3 = -8, -v*a = -12. What is the units digit of r?
8
Let j be (-1 + 0)*(79 - (-45)/(-15)). Suppose 0 = -0*b - 3*b - 288. Let z = j - b. What is the units digit of z?
0
Suppose 0 = 41695*a - 41705*a + 152000. What is the thousands digit of a?
5
Let f(i) = i - 8. Let d be f(7). Let s be (d/(-7)*4)/(82/287). Suppose 4*b - 2*w - 1058 = 0, 2*b - s*w = 7*b - 1345. What is the tens digit of b?
6
Let i = 181 + 18. Let f = i - 124. What is the units digit of f?
5
Let o(y) = 129*y + 20 - 9 - 83*y + 106*y. What is the hundreds digit of o(4)?
6
Suppose x + y - 25055 = 0, x - 26993 = y - 1922. What is the thousands digit of x?
5
Let n = 3119 - 2826. What is the units digit of n?
3
Suppose 0 = -10*r + 14*r - 408. Suppose 5*p = -7 + r. Suppose 27 = -p*y + 22*y. What is the units digit of y?
9
Let h(q) = q**3 + 4*q**2 - 3*q - 4. Let o be h(-4). Let a(c) = 27*c**2 + o*c - 23*c**2 - 2 + 2 + 12. What is the hundreds digit of a(-7)?
1
Let b(h) = -10 + 2*h**3 + 414*h**2 + 8*h - 402*h**2 - 3*h**3. What is the tens digit of b(10)?
7
Let i(t) = -t**3 - 15*t**2 + 15*t - 21. Suppose -4*f + 68 = -4*d, 3*d + 3*f + 24 = d. Let l be i(d). Let y = -90 - l. What is the units digit of y?
6
Let x = 1370 - 502. Suppose 56*q + x = 60*q. What is the tens digit of q?
1
Let v(m) = m + 21. Let f be v(-21). Suppose -50*g - 6*g + 34552 = f. What is the hundreds digit of g?
6
Let f(d) = 19*d + 3. Let b be f(5). Suppose b - 90 = -2*o. What is the hundreds digit of 3/o + (-6680)/(-32)?
2
Let y(a) = 37*a + 62. Suppose 5*o + 5*j + 24 = 4, -4*o + 4*j + 24 = 0. What is the tens digit of y(o)?
9
Suppose 14*w - 36028 = 19188. What is the hundreds digit of w?
9
Suppose -g + 3 = 1, -5*x + 5*g + 89870 = 0. What is the hundreds digit of x?
9
What is the thousands digit of (10/4 - 1)*(2438 + -11 + 27)?
3
Suppose 0 = -249*m + 326*m - 969276. What is the tens digit of m?
8
Let g(o) = o**3 + 69*o**2 - 69*o - 67. What is the thousands digit of g(-69)?
4
Let m(q) = 5*q + 486. Suppose 15 = 3*y, 4*h + 5*y = 41 - 16. What is the hundreds digit of m(h)?
4
Suppose 3*r + 3*z + 0*z - 18 = 0, 1 = -z. Suppose -3*t + y = -r*t + 181, t = -3*y + 59. Suppose -t = -p - 41. What is the units digit of p?
3
Let f(z) = 780*z**2 + 76*z - 223. What is the thousands digit of f(3)?
7
Let k(n) = 21*n**2 + 5*n - 4. Suppose 4*d = d - g - 8, 4*d = g - 20. Let l be k(d). Let r = -123 + l. What is the hundreds digit of r?
1
Suppose 5*w - 3*t - 42 = 0, -6*w + 14 = -5*w - 2*t. What is the tens digit of -9 + w/1 - (2 - 112)?
0
Suppose -278104 = -4*m - 2*u - 69870, 4*u + 52081 = m. What is the hundreds digit of m?
0
Let z = -194 - -2678. What is the thousands digit of z?
2
Let l = 1442 + -767. Suppose 148 = g + b - 17, 4*g - b - l = 0. What is the units digit of g?
8
Let x = 1935 - 1052. Suppose 878 = 30*f - 27*f - g, -3*f + 2*g + x = 0. What is the tens digit of f?
9
Let k(s) = 84*s. Let d be k(3). Let l be 15/5 + 4 + (-9)/(-3). Suppose -l*b + d = -6*b. What is the units digit of b?
3
Suppose 0 = -3*w - 5*s + 3003, 6*w - 5*s = 7*w - 1021. What is the hundreds digit of w?
9
Let y(d) = d**2 - 20*d + 35. Let s be y(18). What is the units digit of (s/2)/((-6)/552)?
6
Let p(b) = 11*b**2 - 199*b + 679. What is the tens digit of p(60)?
3
Let p be -1*((0 - -10) + -4). Let l be 14/(-21) + ((-94)/p)/1. Let f(t) = t**2 - 8*t - 7. What is the units digit of f(l)?
8
Let u be (2 + (-15)/6)*-20. Let f = 270 - 267. Suppose -r = f*l - 580 + 2, 0 = 5*r - u. What is the tens digit of l?
9
Let k(u) = 65*u. Let n be k(-11). Let i = 2031 + n. What is the units digit of i?
6
Suppose 22*h - 96 = 14. Suppose 4*s + s + 2639 = 3*x, 2*s - 4419 = -h*x. What is the hundreds digit of x?
8
Let d(p) = -4*p**2 - 53*p - 6. Let z be d(-13). Suppose -5*c - 2220 = -11*o + z*o, 3*c = 0. What is the tens digit of o?
5
Let f = 6455 + -4551. Let u = f + -1226. What is the tens digit of u?
7
Let n be (-173404)/(-84) + (-4)/(-6). Suppose n + 4835 = 10*r. What is the hundreds digit of r?
6
Let u(v) = -v**3 + 9*v**2 - 12*v - 10. Let c be u(7). Suppose c*n - 1 = -1. Suppose n = 9*p - 668 - 412. What is the units digit of p?
0
Let z(y) = -33*y**2 - 16*y - 10 + 15*y**2 + 0*y + 17*y**2. Let a be z(-15). Suppose a*l - 180 = l. What is the units digit of l?
5
Let l = 598 + 91. Let w = -612 + l. What is the units digit of w?
7
Let j(h) = 53*h + 6*h - h**2 - 21*h - 36. What is the units digit of j(24)?
0
Let d = -7884 - -4821. Let o be d/(-9) + (-4)/(-6). Suppose -2*l + 2*q + 172 = 0, -7*l + 3*q = -3*l - o. What is the tens digit of l?
8
Suppose 238 = -49*g + 15*g. What is the hundreds digit of 2/g - (-4 + 15441/(-21))?
7
Let f(g) = -3*g**3 + 3*g**2 + 5*g + 11. Let o be f(-4). Let w = 571 - o. What is the tens digit of w?
4
Let r = 0 + -12. Let g(f) be the first derivative of f**4/4 + 5*f**3 + 17*f**2/2 - 22*f - 713. What is the hundreds digit of g(r)?
2
Let o(u) = 38*u - 11*u - 116 - 205 + 32 - 113. What is the units digit of o(54)?
6
Suppose 0 = 5*v - 35 - 25. What is the units digit of (-21760)/(-60) - 8/v?
2
Suppose 2*f - 824 = 5*s, 7*f = -3*s + 8*f - 495. Let p = 65 - s. What is the hundreds digit of p?
2
What is the units digit of (-2)/4 - ((-1369293)/(-6))/(-29)?
9
Let o be 9 - (1 - -1 - (4 - 2)). Let d be ((-3)/o)/((-2)/24). Suppose -7*y + 9 = -d*y. What is the units digit of y?
3
Suppose -3*u + o + 1 = 0, -2*u + 2*o - 18 = -6*u. Let a(l) = 69*l**2 + 5*l + 2. What is the tens digit of a(u)?
8
Let k be 6/9 + ((-9176)/(-6) - 4). Let p = k + -384. What is the units digit of p?
2
Let c = -32 + 40. Let f be -58*7/c - (-3)/4. What is the units digit of f/(-4)*1*36/30?
5
Suppose -7*x + 16154 = -6*x - d, -5*x - 2*d = -80763. What is the ten thousands digit of x?
1
Let b be (-2)/(20/6 - 4). Suppose -q = b*u + 278, 0*q - 15 = 3*q. What is the units digit of (-16)/(-24) - u/3?
1
Let i = 103 - 115. What is the units digit of 1525/3 + -3 + (-8)/i?
6
Suppose 0 = 4*a - 4*j - 16, 4*a - a = -4*j - 2. Suppose 0 = 2*x - 5*u - 1327, a*x - x - 696 = -4*u. What is the tens digit of x?
7
Suppose f = -c + 1932, -4989 = -2*f + 2*c - 1117. Let p = f - 1376. Suppose 0 = -3*v - 5*j + p, -5*v + 5*j - 2*j = -896. What is the units digit of v?
1
Let v(h) = -2*h + 45. Suppose -1 = -o + 3, 24 = 2*n - 4*o. Let k be v(n). Suppose 0 = -k*i - 4*w + 385, 2*w = -4*i + w + 297. What is the tens digit of i?
7
Let c(y) = 3 - 26*y - 2*y - 27*y. Let u(o) = 4*o**2 - 53*o - 43. Let h be u(14). What is the units digit of c(h)?
8
Let h(f) = -20*f**3 - 7*f**2 - 16*f + 5. Suppose -3*b - u + 3*u - 10 = 0, -2*u + 6 = -2*b. What is the thousands digit of h(b)?
1
Suppose 253695 = 54*x - 3*x - 541038. What is the units digit of x?
3
Let o(n) = 8*n - 51. Let r(b) = 3*b - 17. Let i(h) = 4*o(h) - 11*r(h). Let q be i(-18). Let z(y) = 50*y + 6. What is the tens digit of z(q)?
5
Suppose 14*h - 36 = 10*h. Let j be 65 + -6*6/h. Suppose -5*i + 56 = 4*a, 9*i - j = 4*i + a. What is the units digit of i?
2
Let z(o) = -o**3 - 2*o**2 - 2*o - 24. Let v be z(-4). What is the tens digit of (-485)/(88/v + 